364.
2, 7, 13, 17, 569603
List the prime factors of 35583626.
2, 13, 105277
What are the prime factors of 1324846209?
3, 441615403
What are the prime factors of 170815288?
2, 7, 353, 8641
List the prime factors of 7799800.
2, 5, 59, 661
List the prime factors of 709651613.
11, 61, 1057603
What are the prime factors of 1865967831?
3, 7, 13, 37, 139, 443
What are the prime factors of 1581469194?
2, 3, 71, 3712369
What are the prime factors of 24567718?
2, 7, 59, 607
What are the prime factors of 106375503?
3, 13, 2727577
What are the prime factors of 101821344?
2, 3, 257, 4127
What are the prime factors of 1023418620?
2, 3, 5, 7, 107, 7591
List the prime factors of 494273296.
2, 11, 19, 79, 1871
List the prime factors of 524114503.
11, 89, 149, 3593
What are the prime factors of 56714584?
2, 17, 417019
List the prime factors of 258779994.
2, 3, 11, 3920909
List the prime factors of 506322646.
2, 10211, 24793
What are the prime factors of 798658708?
2, 17, 11744981
List the prime factors of 448178193.
3, 1979, 25163
What are the prime factors of 218064368?
2, 19, 717317
List the prime factors of 94185109.
19, 197, 25163
What are the prime factors of 373742053?
29, 12887657
What are the prime factors of 322002444?
2, 3, 26833537
List the prime factors of 355944953.
7, 13, 577, 6779
List the prime factors of 468073564.
2, 7, 47, 355679
List the prime factors of 16015789.
41, 577, 677
List the prime factors of 107333407.
101, 1062707
List the prime factors of 180061545.
3, 5, 41, 113, 2591
What are the prime factors of 27565521?
3, 167, 55021
What are the prime factors of 60119393?
60119393
List the prime factors of 1174368967.
19, 1171, 52783
List the prime factors of 30286738.
2, 103, 233, 631
List the prime factors of 64490296.
2, 13, 620099
What are the prime factors of 10324654?
2, 23, 224449
List the prime factors of 202162098.
2, 3, 31, 1086893
What are the prime factors of 395551113?
3, 131850371
List the prime factors of 162709060.
2, 5, 227, 35839
List the prime factors of 73262394.
2, 3, 137, 3301
What are the prime factors of 31046552?
2, 37, 53, 1979
List the prime factors of 9869800.
2, 5, 61, 809
List the prime factors of 3343481842.
2, 1671740921
List the prime factors of 3615947799.
3, 1205315933
List the prime factors of 55035330.
2, 3, 5, 7, 29, 1291
What are the prime factors of 390990344?
2, 17, 2874929
List the prime factors of 95815051.
43, 743, 2999
What are the prime factors of 351270115?
5, 7, 10036289
List the prime factors of 789170754.
2, 3, 131528459
What are the prime factors of 236794080?
2, 3, 5, 37, 67, 199
What are the prime factors of 2656807214?
2, 53, 1213, 20663
What are the prime factors of 47427831?
3, 11, 571, 839
List the prime factors of 85606567.
37, 797, 2903
List the prime factors of 61707725.
5, 19, 163, 797
What are the prime factors of 97946945?
5, 17, 1152317
What are the prime factors of 2161387386?
2, 3, 79, 113, 13451
What are the prime factors of 1011250305?
3, 5, 13, 576211
What are the prime factors of 107232243?
3, 17, 2102593
List the prime factors of 33550749.
3, 37, 53, 1901
List the prime factors of 11730301.
11, 313, 3407
List the prime factors of 55653297.
3, 7, 2650157
What are the prime factors of 10646376?
2, 3, 13, 34123
List the prime factors of 3474177610.
2, 5, 347417761
What are the prime factors of 79121103?
3, 41, 53, 229
What are the prime factors of 78746818?
2, 4967, 7927
List the prime factors of 24164934.
2, 3, 31, 129919
What are the prime factors of 147714835?
5, 19, 29, 53617
List the prime factors of 58114242.
2, 3, 43, 75083
What are the prime factors of 613769318?
2, 306884659
What are the prime factors of 39238866?
2, 3, 139, 15683
List the prime factors of 29401698.
2, 3, 1621, 3023
What are the prime factors of 118013024?
2, 383, 9629
What are the prime factors of 475642852?
2, 23, 5170031
What are the prime factors of 7483876517?
13, 1087, 40739
List the prime factors of 176086326.
2, 3, 13, 59, 83, 461
List the prime factors of 2349240896.
2, 36706889
List the prime factors of 344726644.
2, 6151, 14011
What are the prime factors of 677310638?
2, 53, 67, 95369
List the prime factors of 481298895.
3, 5, 7, 11, 46301
What are the prime factors of 36276637?
139, 260983
What are the prime factors of 2285617177?
79, 28931863
What are the prime factors of 5627840?
2, 5, 43, 409
List the prime factors of 840949240.
2, 5, 21023731
What are the prime factors of 660412446?
2, 3, 127, 866683
List the prime factors of 138009723.
3, 17, 2706073
List the prime factors of 295180534.
2, 11, 1327, 10111
List the prime factors of 76063508.
2, 17, 59, 18959
List the prime factors of 332384085.
3, 5, 11, 17, 39499
List the prime factors of 2218118.
2, 7, 47, 3371
What are the prime factors of 849659726?
2, 193, 2201191
List the prime factors of 47030018.
2, 7, 3359287
List the prime factors of 98833283.
2377, 41579
List the prime factors of 18471054.
2, 3, 7, 439787
What are the prime factors of 123305015?
5, 307, 80329
What are the prime factors of 176661653?
7, 31, 199, 4091
List the prime factors of 19795087.
13, 41, 37139
List the prime factors of 85134470.
2, 5, 17, 500791
List the prime factors of 65663983.
7, 11, 31, 27509
What are the prime factors of 40020985?
5, 109, 73433
List the prime factors of 256854470.
2, 5, 3607, 7121
What are the prime factors of 140331242?
2, 70165621
List the prime factors of 57069041.
43, 241, 5507
List the prime factors of 52657807.
593, 88799
List the prime factors of 516771312.
2, 3, 1223, 8803
List the prime factors of 1276039188.
2, 3, 35445533
List the prime factors of 290989524.
2, 3, 7, 71, 97, 503
What are the prime factors of 1241253938?
2, 620626969
List the prime factors of 90043974.
2, 3, 555827
List the prime factors of 1143032751.
3, 7, 43, 79, 109
List the prime factors of 129279600.
2, 3, 5, 35911
List the prime factors of 372187595.
5, 13, 29, 47, 4201
What are the prime factors of 3041755910?
2, 5, 313, 607, 1601
What are the prime factors of 546019891?
19, 43, 71, 9413
List the prime factors of 2008289838.
2, 3, 334714973
What are the prime factors of 4078179635?
5, 199, 4098673
List the prime factors of 30978971.
30978971
List the prime factors of 31710604.
2, 151, 52501
List the prime factors of 200785036.
2, 41, 1224299
What are the prime factors of 1994603862?
2, 3, 109, 739, 4127
List the prime factors of 7249894127.
7, 43, 3440861
What are the prime factors of 630417781?
7, 3557, 3617
List the prime factors of 22120309.
193, 114613
What are the prime factors of 4461540943?
23, 461, 420781
List the prime factors of 1902645878.
2, 7, 101, 1345577
List the prime factors of 709250570.
2, 5, 7, 107, 94693
List the prime factors of 2957705339.
17, 3691, 47137
What are the prime factors of 558667239?
3, 13, 47, 67, 4549
What are the prime factors of 447414605?
5, 11, 53, 153487
List the prime factors of 10874710.
2, 5, 7, 11, 29, 487
List the prime factors of 3937030289.
17, 41, 557, 10141
What are the prime factors of 6198164551?
5081, 1219871
List the prime factors of 131597288.
2, 16449661
What are the prime factors of 2286250585?
5, 457250117
What are the prime factors of 764709701?
7, 19, 443, 12979
List the prime factors of 209388574.
2, 104694287
What are the prime factors of 74577142?
2, 4373, 8527
What are the prime factors of 4164786522?
2, 3, 13, 17798233
List the prime factors of 119212450.
2, 5, 7, 23, 59, 251
What are the prime factors of 831024030?
2, 3, 5, 431, 64271
List the prime factors of 6975183.
3, 2325061
What are the prime factors of 4204997441?
18539, 226819
What are the prime factors of 3634194876?
2, 3, 13, 23296121
List the prime factors of 2950175452.
2, 7, 29, 61, 59561
List the prime factors of 3092311814.
2, 31, 49875997
List the prime factors of 835950696.
2, 3, 7, 4975897
List the prime factors of 726142597.
61, 1733, 6869
List the prime factors of 130183305.
3, 5, 7, 457, 2713
List the prime factors of 1464382102.
2, 47, 191, 81563
List the prime factors of 148908450.
2, 3, 5, 992723
List the prime factors of 303843061.
2113, 143797
List the prime factors of 15766797.
3, 631, 8329
What are the prime factors of 24272496?
2, 3, 168559
What are the prime factors of 1044549896?
2, 13, 739,